5. Suppose 4*i + 6*z - 4 = 3*z, -4*i = 5*z + 4. What is m(i)?
-1
Let k(b) = -3*b - 2. Let t = 66 - 71. Determine k(t).
13
Let o = 32 - 32. Let f(d) be the third derivative of d**2 - 1/8*d**4 + o - 1/2*d**3 + 0*d - 1/60*d**5. Determine f(-3).
-3
Let h(m) = -m**2 + 3*m + 40. Let a be h(8). Let q(x) = -x. Give q(a).
0
Suppose 4*m - 5 = 15, 2*g + 5 = 3*m. Let t(f) = -f - 3. Calculate t(g).
-8
Let f(h) = -4*h**2 + h + 1. Let d(i) = i**2 + 1. Let t(y) = -3*d(y) - f(y). What is t(-3)?
8
Let q = 12 - 7. Let t be -8 + q - (-3)/(-1). Let c(s) = 2*s + 9. Give c(t).
-3
Suppose -f = -3*r + 27, -f + 7*r - 2*r = 31. Let k be f/(-3)*(-6)/(-7). Let b be (-2)/k*(2 - 5). Let c(v) = -2*v. What is c(b)?
-2
Suppose -5*w = -31 + 1. Let r(q) = -q**3 + q**2. Let b(g) = -7*g**3 - 3*g - 6. Let h(i) = w*r(i) - b(i). Determine h(-6).
-12
Let u(s) = -s**3 - 3*s**2 - s - 1. Let p = -1 - -3. Suppose -p*a = a - 9. Let y = -5 + a. Determine u(y).
-3
Let c(i) be the first derivative of -i**2/2 + 3*i - 1. Let u be 19/76 - (-1 - (-50)/8). Calculate c(u).
8
Suppose 0 = 5*s - 6 - 9. Let p(d) = s - 7*d + 2*d + 2*d + 2*d. Suppose 3 = -3*y + 4*y. Give p(y).
0
Suppose r - 5*b - 10 = 0, 0 = 2*r + 3*b - 2*b + 2. Let m(c) = 24*c**2 - 4 - 7*c**2 - 8*c**2 - 8*c**2. Give m(r).
-4
Let b = 6 + -5. Let y(f) = b + 1 - 73*f + 74*f. What is y(0)?
2
Let b(z) = 4 + 4*z - 6 + 0 - 3*z. Let i be (-28)/(-6) + (-7)/(-21). Let w be (5 - i)*(-1)/(-1). Determine b(w).
-2
Let o = 63 - 69. Let m(t) = 2*t + 2. What is m(o)?
-10
Suppose 2*b = 6*b - 28. Let f(z) = b - 4 + 1 + 4*z - 3*z. Let w(a) = 2*a + 2. Let u be w(-3). Calculate f(u).
0
Let v(u) = u**3 - 4*u**2 + u - 3. Let t = 3 + 1. Suppose t*i + 2*o = -0*o + 24, 4*o = -i + 20. Give v(i).
1
Let s(v) = -7*v**3 - 7*v**2 - 3. Let f(l) = 15*l**3 + 15*l**2 + 7. Let u(w) = -6*f(w) - 13*s(w). Give u(0).
-3
Let p be ((-4)/(-6))/((-2)/(-9)). Let x = p - 8. Let z(o) = -o - 2. What is z(x)?
3
Let f = -9 + 18. Suppose u - f = -5. Let m(v) = v**2 + v - 1. Let a(l) = 4*l**2 - 2*l - 5. Let b(t) = a(t) - 3*m(t). Calculate b(u).
-6
Let f(i) be the first derivative of -i**4/6 + 5*i**3/6 + i**2/2 + 2*i + 2. Let y(k) be the first derivative of f(k). Give y(4).
-11
Let y(w) = w**2 + 11*w - 24. Let f be y(-12). Let s(n) = -n - 10. Determine s(f).
2
Let d(h) = -2*h + 12 - 18 - 4*h**2 + 4. Give d(-2).
-14
Let p(u) = -2*u. Let y be 2/5*(-30)/(-2). Suppose -5*s - 4 = y. Let k be (-2 + 4)/(s/3). Determine p(k).
6
Suppose 3*i - 11 = -w - 4, 1 = w - 3*i. Let p = 6 - w. Let x(b) = b - 1 + 0*b**2 - b**3 - b**p - 2*b. Give x(-2).
5
Let c(l) = -l**2 - 8*l - 8. Suppose -2*d = 3*d - 5*p + 30, 0 = 2*d - 5*p + 9. Let x be c(d). Let k(t) = -5*t - 1. Give k(x).
4
Suppose -34*f - 104 = -21*f. Let o(z) = -z + 3. Give o(f).
11
Let w(c) = -c**3 + 3*c**2 + 5*c - 4. Let z be w(4). Suppose -4*f + 9*f - 5 = z. Let a be (f + 4/(-2))*0. Let q(x) = -x**3 + x**2 + x. Determine q(a).
0
Let m(b) be the third derivative of -b**7/5040 + b**6/144 + b**5/10 + 6*b**2. Let l(i) be the third derivative of m(i). Determine l(-4).
9
Let t be (30/4)/3*2. Suppose 3 = 3*z - 3. Let o(l) = -2*l**2 + 1 + l**3 + 2 - 4*l**z + 3*l. Determine o(t).
-7
Let f = 47 + -44. Let t(y) = 8*y + 2. Determine t(f).
26
Let o(l) be the second derivative of -5/6*l**3 + 0 - 2*l**2 + 2*l. Let d(f) = 6*f + 5. Let h(a) = 3*d(a) + 4*o(a). Determine h(1).
-3
Suppose 6*f = 3*n + 4*f - 15, 4*f = 3*n - 15. Let d(p) = 6 - 36*p + 67*p - 32*p. What is d(n)?
1
Let q(x) = -4*x**2 - 2*x + x**3 - 2 + 4*x + 3. Let d be ((-1)/(-3))/((-1)/3) - -4. Calculate q(d).
-2
Suppose 4*l + 26 = j + 4, 3*j - 2*l - 16 = 0. Suppose 8*b = 3*b - 5*i + 15, 5*b = -3*i + 9. Let q(s) = -1 + b*s + 2*s + j - s. Calculate q(-4).
-3
Let r be 0 + -1 + (-2 - 0). Let v be 1/((6/r)/(-8)). Suppose -n = m + v*m - 3, -m - 5 = 3*n. Let c(y) = y + 3. What is c(n)?
1
Let t(g) be the first derivative of g**4/4 - 5*g**3/3 + 2*g**2 - 4*g + 11. What is t(3)?
-10
Let b(a) = -a**3 - a**2 + a. Suppose 4*k + 3*t + 5 = 17, 2*t = -5*k + 8. Calculate b(k).
0
Let r be (-3 + 11)*1*-1. Let z(f) = f**2 + 9*f + 12. Let n be z(r). Let t(o) = -o - 3*o**2 + o**3 - n + 5*o - o. What is t(3)?
5
Let q = -19/30 - -4/5. Let x(c) be the second derivative of q*c**3 + c + 0 - 1/5*c**5 - 1/2*c**2 + 1/12*c**4. Give x(1).
-3
Let f(g) = -g**2 - 4*g - 5. Let j be f(-3). Let o(l) = -l**2 - 3*l - 1. What is o(j)?
1
Suppose -t - 2*t = -24. Let l = 4 - t. Let y(d) = d**2 + 5*d + 3. Determine y(l).
-1
Suppose -4*o = 3 - 23. Suppose o*q + 32 = 2. Let b(k) = k + 1. Give b(q).
-5
Let b(p) = 5*p**3 + 6*p**2 + 7*p - 2. Let r(a) = a**3 + a**2 + a - 1. Let x(y) = -b(y) + 6*r(y). Let k(w) = w - 4. Let o be k(4). Determine x(o).
-4
Suppose -7*v = -2*v - 30. Suppose v*a + 20 = 2*a. Let y(l) = -2*l - 1. What is y(a)?
9
Let h(k) = -16*k. Let q be (-3)/((-9)/(-6)) + 4. Let y(r) = 3*r. Let d(z) = q*h(z) + 11*y(z). Let p be ((-2)/(-5))/(-1)*10. Determine d(p).
-4
Suppose -3*f + 0*k + 26 = 4*k, 2*k - 14 = -2*f. Let l(j) = -2*j**f + 0 + 7*j**2 + 5 - 4. Give l(1).
6
Let c(m) = -m**2 + 6*m - 8. Let t = 7 - -11. Suppose -5*j - t = -48. Determine c(j).
-8
Let k(t) = 4*t**3 - 8*t**2 - t - 5. Let y(b) = -3*b**3 + 7*b**2 + 2*b + 5. Let p(w) = 2*k(w) + 3*y(w). Let r be 2/(4/(-4))*-3. Determine p(r).
-7
Let k(w) be the second derivative of -w**5/20 + 2*w**3/3 + 3*w**2/2 + 251*w. Let u(h) = -h**2 - 6*h - 7. Let n be u(-5). Give k(n).
3
Suppose -2*f + 2*m + 2*m - 22 = 0, 5*f + 7 = -2*m. Let p(l) = l**2 + 3*l. Calculate p(f).
0
Let g(i) = 6*i**3 + 10*i**2 + 9*i + 2. Let j(s) = 5*s**3 + 9*s**2 + 8*s + 3. Let c(n) = -4*g(n) + 5*j(n). Determine c(-5).
-13
Let x(d) = -d - 7. Let g be x(-4). Let b be 3/(-9) - 19/g. Let o(z) be the second derivative of -z**3/3 + 4*z**2 + 2*z. Calculate o(b).
-4
Let g(p) = p**3 - 3*p**2 - 3*p - 7. Let y = -13 - -18. Give g(y).
28
Let j(b) = -9*b - 3. Suppose 4*y - 5*y + 7 = 0. Suppose z + 5 = -c, -y*c - 13 = -2*c + z. Calculate j(c).
15
Let s(d) be the second derivative of d**5/20 + d**4/3 + d**3/2 - d**2 + d. Give s(-3).
-2
Suppose 2*c + 14 + 2 = 0. Let g = c - -15. Let v(u) = -1 - 2*u**2 + u**2 + 9*u - 7. Give v(g).
6
Let n(s) = 6*s**2 - s**3 - 1 - 6*s + 3 + 3 - 6. Let i = 5 + 0. What is n(i)?
-6
Let f(s) be the second derivative of -s**5/60 + s**4/24 + s**3/2 + 3*s. Let m(p) be the second derivative of f(p). Determine m(4).
-7
Let x(m) = -5*m. Let z = -27 + 25. Give x(z).
10
Let b(n) = -n**2. Let s(c) = -c**3 - 6*c**2 - 6*c - 2. Let f be s(-5). Suppose -3 = 4*g - f*g. Give b(g).
-9
Let r(l) = 0 + 9 + 3 + 3*l - 5. Calculate r(-5).
-8
Suppose -4*p = -7*p - 3. Let r(q) = 7*q - 1. Give r(p).
-8
Let p(b) = -4*b + 2*b + 0*b + 1. Suppose s + 10 = 2*m, -3*m = -2*s - 0*m - 20. Let o be (-4 + 7)/((-6)/s). Calculate p(o).
-9
Let n = -14 + 20. Let t(a) = -4*a**3 - 6*a**2 + 5*a - 3. Let y(r) = -5*r**3 - 7*r**2 + 6*r - 3. Let k(b) = n*t(b) - 5*y(b). Calculate k(0).
-3
Let z(i) = i**3 + 7*i - 8. Let v(n) = -n**2 - n. Let d(u) = -6*v(u) - z(u). Give d(6).
2
Let j(m) = -6*m + 6. Let v(l) = 5*l - 3. Let b(u) = 4*j(u) + 5*v(u). Calculate b(-3).
6
Suppose 2*o - 8 = 4*o. Let t(f) = 0 + f - 7*f + 1 - f. Let q(j) = -4*j + 1. Let s(h) = -5*q(h) + 3*t(h). Give s(o).
2
Let t(w) = 3*w + 9. Let f(l) = 2*l + 6. Let z(q) = 8*f(q) - 5*t(q). Let a = -682 + 679. Give z(a).
0
Let t(u) = -u**3 - 4*u**2 + 7*u + 6. Suppose 28 = 3*z + z. Let f = z + -4. Suppose 10 = -3*h - b, f*b = h + 25 - 5. Calculate t(h).
-4
Let i(n) = n**2 - 4*n + 3. Let a be i(2). Let d(r) = -5*r**2 - 4*r. Let j(t) = -11*t**2 - 9*t. Let f(w) = 13*d(w) - 6*j(w). What is f(a)?
-1
Let s(w) = 6*w + 1. Let q be 0/(-1*2 - -3). Let a(o) = q*o**2 + o**2 - 1 + 6*o + 0*o**2. Let u be a(-6). What is s(u)?
-5
Let r(h) be the second derivative of h**3/6 + 2*h**2 - h. Let q = 114 + -111. Calculate r(q).
7
Let x(z) be the second derivative of -1/2*z**2 + 0 - 1/3*z**4 + 1/6*z**3 - z - 1/20*z**5. Give x(-4).
-5
Suppose -4*r = -7*r + 15. Let y(o) = 0 - r*o - 5*o - 3 + 7*o. Suppose n = 3*n + 4. Calculate y(n).
3
Let h(s) = -3*s**2 + 2*s**2 + 3 - 7*s + 1 + 3*s. Let z be (-30)/7 - 6/(-21). Let r be h(z). Let l(x) = x**3 - 4*x**2 - 2*x - 3. Give l(r).
-11
Let q(u) be the third derivative of -u**5/30 - 5*u**4/12 - u**3 + 8*u**2. Let d(k) = -k**2 - 5*k + 3 - 6 + 0. Let n(v) = 5*d(v) - 3*q(v). Give n(-5).
3
Let a